*l - 60. What is the remainder when (-4)/2*l/2 is divided by 7?
6
Calculate the remainder when 81 is divided by 0 - (-20 + 0 + -1).
18
Suppose 4*o - 3*v = 2*o - 15, -6 = 4*o + 2*v. Calculate the remainder when 1/3 - 8/o is divided by 2.
1
Let a be ((-14)/(-4))/((-2)/8). Let k = a - -71. Let f = k - 28. Calculate the remainder when f is divided by 10.
9
Let a(g) = g**3 + 9*g**2 - 5*g + 13. Let r = 53 + -33. Calculate the remainder when a(-9) is divided by r.
18
Suppose s = -4*z + 28, -4*z + 3*s + 19 = -25. Let o(f) = 2*f**2 - 5*f - 3. Calculate the remainder when o(5) is divided by z.
6
Suppose 4 = -3*g + 10. Let k be (3 + g)*2/5. Suppose 0*o - 2 = k*o - 5*v, v = -5*o + 49. Calculate the remainder when 17 is divided by o.
8
Suppose 0 = -4*o - 3*m - 4 - 2, 5*m = -10. Calculate the remainder when o/(-9) - (0 + -42) is divided by 9.
6
Let a = -27 - -48. Let w = -27 - -109. Calculate the remainder when w is divided by a.
19
Let c(d) be the first derivative of d**4/4 + 2*d**3 - 9*d**2/2 + 3*d + 4. What is the remainder when c(-7) is divided by 10?
7
Suppose 0 = 2*r + 4*q + 4, 7*r = 2*r - 2*q + 14. Suppose 5*v - s + 19 = 77, -r*s = 12. Calculate the remainder when 21 is divided by v.
10
What is the remainder when (4 + -2 - 3)/((-6)/762) is divided by 22?
17
Suppose 6*y - 147 = -y. Calculate the remainder when y is divided by ((-2)/(-5))/(2/40).
5
Let l(f) = -4*f**3 - f**2 - f - 1. What is the remainder when l(-3) is divided by 26?
23
Suppose 3*o - 46 = -2*l, -3*o + o = -5*l + 115. Calculate the remainder when l is divided by 9 - -2*(-2)/4.
7
Suppose -8 = -3*d + d. Suppose d*g = 13 + 3. Calculate the remainder when 11 is divided by g.
3
Suppose -4*o + 5*o - 6 = 0. Let b(r) = -2*r - 2. Let g be b(-2). Suppose -g*z + 23 + 9 = 0. What is the remainder when z is divided by o?
4
Suppose 0 = -2*s - 2, u + 2*s = -2 + 1. Let a(i) = -i**3 + i**2 + 3*i + 3. Calculate the remainder when a(-1) is divided by u.
0
Let o = -7 - -18. Calculate the remainder when 39 is divided by o.
6
Calculate the remainder when 2/(-6) + 568/12 is divided by 12.
11
Suppose 0 = -3*q - 3*d + 51, -64 - 2 = -4*q - 5*d. Suppose 2*j - 107 = u, -j - 2*u - 269 = -6*j. What is the remainder when j is divided by q?
17
Let f = 39 - 21. Let y(o) = -3*o + 46. What is the remainder when f is divided by y(13)?
4
Suppose 23 = z + 5*k - 1, -3*z + 44 = k. Let r = z + -6. Calculate the remainder when 21 is divided by r.
5
Let j(r) = -r**3 + 8*r**2 - 5*r - 4. Let f be 3/(-2) - 2/(-4). Let d = 8 + f. What is the remainder when j(d) is divided by 6?
4
Let h be 0/6*(-1 + 0). Suppose h = 2*a - 4*w - 32, w = -0*a - 4*a + 28. What is the remainder when 31 is divided by a?
7
Suppose 3*y - 23 = 31. Let h = 5 + y. Calculate the remainder when h is divided by 8.
7
Suppose 53 = i - 0*i. What is the remainder when i is divided by 27?
26
Suppose 0*z = -4*z + 48. Let p(i) = 4*i**2 - 4*i - 2. Let g be p(-3). Suppose -g = -3*s + 20. What is the remainder when s is divided by z?
10
Let f be (-1)/(-2*(-3)/(-42)). Suppose -2*z + f = -3. What is the remainder when (-63)/(-5) - (-2)/5 is divided by z?
3
Let m(t) = 2*t**2 - 3*t - 4. What is the remainder when m(6) is divided by 18?
14
What is the remainder when 103/2 - 2/4 is divided by 26?
25
Let s(r) = -r**2 + 3*r + 1. Let j(m) = -m + 1. Let w(c) = -3*j(c) - s(c). What is the remainder when 47 is divided by w(-4)?
11
Let p = 321 - 194. What is the remainder when p is divided by 16?
15
What is the remainder when (-4)/26 - (-1 - (-3321)/(-39)) is divided by 22?
20
Suppose -2*d - 200 = 2*d. Let x = d + 100. What is the remainder when x is divided by 26?
24
Suppose -2*s - 37 = -4*t + s, 0 = 5*s + 15. Calculate the remainder when 13 is divided by t.
6
Let j(u) = u**2 + 6*u + 43. Calculate the remainder when j(-10) is divided by 22.
17
Let j(k) = -k**2 - 3*k**2 + 3*k + 0*k + 2*k**3 + 3. Let i be j(3). Suppose -4*s + i = -26. What is the remainder when 26 is divided by s?
12
Let l = -30 + 57. Let g = 3 + 12. What is the remainder when l is divided by g?
12
Suppose -11*q = -9*q - 220. Calculate the remainder when 49 is divided by q/8 - (-15)/(-20).
10
Suppose -3*w + 72 = -75. What is the remainder when w is divided by 17?
15
Let s be (-2)/(-1)*6/4. Let z = 2 + -5. Calculate the remainder when s*1/(z/(-2)) is divided by 2.
0
Calculate the remainder when ((-72)/(-28))/(1/7) is divided by 4.
2
Calculate the remainder when (2/7)/1 + (-1384)/(-56) is divided by 13.
12
Let b = 7 + -7. Suppose b = -3*x + 56 + 79. Calculate the remainder when x is divided by 16.
13
What is the remainder when 31 is divided by -11*(2 + 1)/(-3)?
9
Suppose -12 = -5*r + 4*a, -5*r + 5 - 2 = -a. Suppose 3*z - 3*h - 3 - 12 = 0, 5*h + 25 = r. Let k(f) = f + 16. What is the remainder when 31 is divided by k(z)?
15
Suppose -f + 7*f = 612. What is the remainder when f is divided by 26?
24
What is the remainder when 182 is divided by (-37)/8*2*-4?
34
Suppose -235 = -7*q + 24. What is the remainder when q is divided by 14?
9
Let t = 138 - 114. What is the remainder when 92 is divided by t?
20
Let w = -18 - -18. Suppose 4*r + r - 5 = w, -x - 4*r + 21 = 0. Calculate the remainder when 65 is divided by x.
14
What is the remainder when (655/15)/((-1)/(-3)) is divided by 33?
32
Suppose -32*z = -28*z - 76. Calculate the remainder when 74 is divided by z.
17
What is the remainder when 14 is divided by 3 + (3 + -6 - -1) + 7?
6
Suppose 0 = 4*j + 3*m - 2*m - 9, 2*j = -3*m - 3. Calculate the remainder when 26 is divided by -7*((-6)/(-3) - j).
5
Let s = -12 + 27. Let b = -7 + s. Calculate the remainder when 15 is divided by b.
7
Suppose -4*g + 36 = -0*g. Calculate the remainder when 26 is divided by g.
8
Let h(y) = 9*y**2. What is the remainder when 1/(2 - 124/64) is divided by h(1)?
7
Let i be (-2 - -1*18)*1. Suppose z + 5 = i. Suppose 0 = -5*b - 25 + 125. What is the remainder when b is divided by z?
9
Suppose -16 = 2*v + o, -3*v + 4*v - o + 5 = 0. Let f = v + 5. Calculate the remainder when 32 is divided by ((-3)/f - 1)*22.
10
Let y = 30 - 54. Let b = 40 + y. Suppose -u - 184 + 61 = -4*k, -3*u - 9 = 0. What is the remainder when k is divided by b?
14
Suppose v + 4*v - 10 = 0. Let b = v - -5. Calculate the remainder when 34 is divided by b.
6
What is the remainder when 44 is divided by ((-240)/50)/((-6)/20)?
12
Suppose -141 = 3*t - 6. Let o be 4/2*(-1)/2*31. Let m = o - t. What is the remainder when 40 is divided by m?
12
Suppose 3*w + 1 - 17 = -x, x + 8 = 5*w. Suppose x + 13 = 4*r. Suppose 0 - 5 = -r*t. What is the remainder when 1 is divided by t?
0
Let k(w) = 5*w - 4. Let b be k(7). Let q = -18 + b. What is the remainder when 24 is divided by q?
11
Suppose -4*y = -6*y + 314. Let v = y - 84. Suppose p = -5*u + 116, 0 = -0*u - 3*u - 4*p + v. Calculate the remainder when u is divided by 8.
7
Let z = -8 - -15. What is the remainder when 20 is divided by z?
6
Let k = 13 + -4. Suppose 17 = 5*t - 18. Suppose 0 = 3*s + t - 22. Calculate the remainder when k is divided by s.
4
Suppose 0 = -3*w + 2*w + 2. Let f be -15*w/12*-4. Suppose 3*g - 13 = -k, 2*k + 4*g - 18 = f. What is the remainder when k is divided by 9?
7
Calculate the remainder when 124 is divided by (-3)/12 + (-505)/(-20).
24
Suppose -4*z = z. Let s = 12 - z. Calculate the remainder when 23 is divided by s.
11
Let s(w) = 2*w**2 + w - 1. Calculate the remainder when 8 is divided by s(-2).
3
Let y(g) = -21*g**3 + 2*g**2 + g - 1. Let t be y(-2). Let z = t + -112. Calculate the remainder when z is divided by 16.
13
Suppose 2*x - x - 42 = 2*r, -3*x + 106 = 4*r. What is the remainder when x is divided by 10?
8
Suppose -3*k + 12 = x - 5, k - 2*x + 6 = 0. Suppose -3*o - 5*s + 34 = -2*o, o + s = 14. Suppose k*d - o = d. What is the remainder when 5 is divided by d?
2
Suppose -4*z - 108 = -4*b, 0 = 2*z + 3*b + b + 54. Let r be 2/(-7) + (-117)/7. Let y = r - z. Calculate the remainder when 18 is divided by y.
8
Let f(u) = -10*u - 14. Calculate the remainder when f(-4) is divided by 16.
10
Let m(d) = d**2 + 13*d + 9. Suppose 0 = -4*c - c - 65. What is the remainder when 17 is divided by m(c)?
8
Suppose -4*t - n + 58 = 0, -3*t - n + 32 + 11 = 0. Suppose 5*x + 5 = 20, -3 = -5*j + 4*x. What is the remainder when (-18 + -4)*(1 - j) is divided by t?
14
Suppose -72 = -5*k - 4*c, -5*k -